?
400332
Convert -31846 (base 11) to base 14.
-12c12
What is 13632 (base 14) in base 4?
23223330
-121423 (base 5) to base 15
-1578
221652 (base 7) to base 6
500550
-2032 (base 5) to base 16
-10b
9a0 (base 15) to base 13
cb4
Convert -189a4 (base 11) to base 8.
-63574
Convert -250 (base 10) to base 7.
-505
What is 2b6d (base 14) in base 11?
58a8
What is 12244 (base 5) in base 11?
793
Convert 741 (base 8) to base 4.
13201
-3b9 (base 16) to base 15
-438
-14634 (base 7) to base 11
-3090
120000 (base 4) to base 15
6c6
96 (base 10) to base 2
1100000
3001024 (base 5) to base 14
131c2
Convert -11011010100110 (base 2) to base 15.
-422a
-211350 (base 7) to base 3
-1212010100
33d1 (base 14) to base 7
35151
What is -86 (base 11) in base 15?
-64
What is -12006 (base 12) in base 4?
-11322012
Convert -12111 (base 12) to base 4.
-11330131
Convert 4214 (base 7) to base 9.
2025
13498 (base 16) to base 2
10011010010011000
189c (base 15) to base 5
132242
What is -5004 (base 6) in base 13?
-655
What is 60226 (base 9) in base 7?
223212
-591 (base 13) to base 3
-1022200
Convert 1 (base 4) to base 7.
1
Convert 4ab (base 13) to base 4.
30301
1011011110111 (base 2) to base 13
28a3
What is -265 (base 12) in base 6?
-1405
What is 1491 (base 11) in base 15?
87a
2336 (base 12) to base 9
5346
What is -1101010011010 (base 2) in base 9?
-10306
687 (base 10) to base 15
30c
Convert 204 (base 15) to base 5.
3304
What is -5072 (base 9) in base 10?
-3710
What is 12321 (base 4) in base 3?
121100
Convert -530 (base 8) to base 4.
-11120
Convert -11b (base 13) to base 10.
-193
211112220 (base 3) to base 16
4038
Convert -31045 (base 6) to base 3.
-12200002
What is -987 (base 11) in base 10?
-1184
Convert -41a15 (base 11) to base 16.
-eec1
Convert -628 (base 9) to base 4.
-20000
What is 120002102 (base 3) in base 7?
44033
What is -52 (base 12) in base 2?
-111110
-f7 (base 16) to base 5
-1442
Convert 1084 (base 9) to base 11.
672
Convert 1707 (base 10) to base 15.
78c
Convert -dbc (base 15) to base 2.
-110000011110
Convert 12861 (base 10) to base 7.
52332
Convert -6466 (base 7) to base 11.
-1803
Convert -643 (base 12) to base 9.
-1226
Convert 3321 (base 5) to base 8.
715
Convert -418 (base 12) to base 7.
-1511
Convert 145 (base 16) to base 3.
110001
Convert 11101110011010 (base 2) to base 9.
22833
What is -66c6 (base 15) in base 7?
-120342
Convert -12122 (base 6) to base 8.
-3362
What is -1999 (base 11) in base 4?
-213200
64a1 (base 11) to base 3
102202211
-409 (base 10) to base 5
-3114
What is -14111 (base 9) in base 14?
-36b6
What is -136163 (base 8) in base 11?
-33278
Convert -22202 (base 4) to base 10.
-674
Convert 6955 (base 11) to base 16.
23af
What is -26 (base 13) in base 2?
-100000
Convert 1061 (base 12) to base 15.
801
What is 8a3 (base 12) in base 14?
671
7116 (base 8) to base 14
1498
What is -6c6 (base 15) in base 10?
-1536
-100313230 (base 4) to base 5
-4202400
Convert -3bc (base 15) to base 16.
-354
What is 99 (base 14) in base 10?
135
102201200 (base 3) to base 14
318a
20130 (base 4) to base 14
2a8
What is -2133033 (base 4) in base 16?
-27cf
Convert -178 (base 14) to base 3.
-102012
Convert -3a58 (base 14) to base 4.
-2200132
What is -1eb (base 16) in base 2?
-111101011
What is 100200211 (base 3) in base 4?
1232131
Convert -13332 (base 6) to base 11.
-1614
101020000 (base 3) to base 14
2a04
22414 (base 8) to base 7
36436
What is 50260 (base 9) in base 15?
9bb6
Convert -1100110100010011 (base 2) to base 9.
-80012
What is 16705 (base 9) in base 14?
429d
Convert -113232 (base 5) to base 8.
-10140
-67b (base 12) to base 11
-7a2
-6823 (base 9) to base 11
-3875
5c35 (base 13) to base 10
13057
Convert 3a4a (base 14) to base 11.
7786
What is -166 (base 11) in base 14?
-db
5bb2 (base 14) to base 16
3ea0
Convert -2165 (base 14) to base 6.
-42421
What is -54 (base 8) in base 4?
-230
15104 (base 10) to base 12
88a8
What is -6076 (base 8) in base 12?
-1992
What is -21000221 (base 3) in base 14?
-1c24
Convert -6567 (base 9) to base 12.
-2974
Convert 4a0 (base 13) to base 6.
3422
Convert 12736 (base 12) to base 7.
133410
-6ac (base 14) to base 3
-1211012
Convert 353 (base 9) to base 13.
195
What is 6433 (base 10) in base 16?
1921
What is -131330 (base 4) in base 2?
-11101111100
Convert 131551 (base 6) to base 7.
50152
Convert 2222011100 (base 3) to base 9.
88140
Convert -129c (base 13) to base 4.
-221220
2000 (base 7) to base 5
10221
-6083 (base 10) to base 6
-44055
Convert 15307 (base 8) to base 9.
10356
1100011000001 (base 2) to base 9
8621
-4961 (base 13) to base 3
-112020202
-11011101110 (base 2) to base 10
-1774
Convert -12211020 (base 3) to base 5.
-113440
63376 (base 8) to base 13
c002
What is 927 (base 14) in base 9?
2418
What is -24055 (base 11) in base 2?
-1000011101101010
Convert 1320221 (base 4) to base 8.
17051
Convert -4a80 (base 12) to base 3.
-102120220
What is -1955 (base 16) in base 10?
-6485
-16a5 (base 13) to base 9
-4527
Convert -502 (base 7) to base 4.
-3313
-1373 (base 15) to base 6
-31130
What is 2102 (base 5) in base 3?
101021
What is 2130231 (base 4) in base 9?
14673
What is -360 (base 12) in base 15?
-239
ea (base 15) to base 16
dc
-24474 (base 8) to base 7
-42530
What is 100010111111101 (base 2) in base 15?
5497
What is 462 (base 11) in base 12?
3a0
Convert 111120210 (base 3) to base 14.
3875
Convert -14143 (base 5) to base 14.
-5db
What is 1120032 (base 4) in base 11?
4273
431 (base 13) to base 8
1314
Convert -ddb2 (base 14) to base 6.
-453400
What is 113 (base 10) in base 8?
161
10078 (base 12) to base 3
1001120102
Convert -9054 (base 11) to base 16.
-2f06
Convert -3880 (base 9) to base 13.
-1428
-14273 (base 10) to base 12
-8315
What is 10001011 (base 2) in base 10?
139
Convert -13144 (base 8) to base 13.
-27bc
Convert -3475 (base 15) to base 14.
-40b5
What is -16776 (base 8) in base 13?
-3658
222021121 (base 3) to base 16
4ad7
What is 134311 (base 6) in base 9?
18307
-20234 (base 5) to base 14
-6a3
What is -803 (base 11) in base 10?
-971
-7809 (base 14) to base 7
-114412
What is 22d (base 15) in base 9?
607
Convert -102101 (base 3) to base 14.
-17d
Convert 1321313 (base 4) to base 5.
222144
Convert 2114 (base 11) to base 15.
c68
-2cb (base 15) to base 2
-1010000001
What is -246 (base 12) in base 3?
-110200
What is 95a8 (base 13) in base 2?
101000100010100
What is -10053 (base 7) in base 8?
-4607
2d6 (base 15) to base 9
803
Convert 220001 (base 3) to base 9.
801
What is -4046 (base 7) in base 10?
-1406
Convert -2138 (base 9) to base 7.
-4406
What is -14336 (base 9) in base 13?
-4593
What is 210a (base 16) in base 11?
639a
Convert -20230 (base 5) to base 16.
-523
What is 1202022 (base 3) in base 16?
4fd
Convert -2010 (base 8) to base 4.
-100020
Convert -4207 (base 8) to base 11.
-1705
-144 (base 5) to base 11
-45
What is -3053 (base 12) in base 3?
-21012100
-3310 (base 7) to base 16
-49f
-cb (base 14) to base 7
-344
What is -6779 (base 14) in base 10?
-17943
Convert 105828 (base 9) to base 16.
f788
131b3 (base 13) to base 15
a797
2853 (base 10) to base 16
b25
What is -1534 (base 6) in base 14?
-21c
What is 22d6 (base 14) in base 8?
13664
-5615 (base 9) to base 7
-15041
What is 321012 (base 5) in base 13?
4b86
Convert 3201300 (base 5) to base 14.
1560d
Convert 11255 (base 8) to base 2.
1001010101101
What is -a81b (base 15) in base 13?
-13268
12021210 (base 4) to base 7
133302
What is 1110000001 (base 2) in base 9?
1206
-213 (base 14) to base 10
-409
Convert -2132 (base 11) to base 7.
-11134
704 (base 8) to base 10
452
What is -11230022 (base 4) in base 15?
-6d8b
What is -243 (base 12) in base 5?
-2324
Convert 1341 (base 11) to base 3.
2101102
What is -463 (base 15) in base 7?
-2616
What is 15630 (base 10) in base 3?
210102220
Convert -1100011010 (base 2) to base 5.
-11134
-1222 (base 10) to base 12
-85a
Convert -3521 (base 13) to base 6.
-54315
Convert -48c0 (base 13) to base 4.
-2200320
Convert 10050 (base 8) to base 5.
113021
-44162 (base 8) to base 10
-18546
1a16 (base 15) to base 11
4273
4233 (base 5) to base 10
568
Convert -2644 (base 7) to base 14.
-524
4831 (base 9) to base 3
11221001
What is 156 (base 13) in base 15?
110
Convert -58b (base 16) to base 12.
-9a3
What is -141 (base 7) in base 2?
-1001110
14a1 (base 15) to base 14
1882
What is -79 (ba